{"version":"1.0","provider_name":"KSS","provider_url":"https:\/\/www.kss-sachsen.de","author_name":"administration","author_url":"https:\/\/www.kss-sachsen.de\/?author=1","title":"Und semesterweise gr\u00fc\u00dft die Pandemie - KSS","type":"rich","width":600,"height":338,"html":"<blockquote class=\"wp-embedded-content\" data-secret=\"ZIZlvzHvNo\"><a href=\"https:\/\/www.kss-sachsen.de\/pm_07_22\">Und semesterweise gr\u00fc\u00dft die Pandemie<\/a><\/blockquote><iframe sandbox=\"allow-scripts\" security=\"restricted\" src=\"https:\/\/www.kss-sachsen.de\/pm_07_22?embed=true#?secret=ZIZlvzHvNo\" width=\"600\" height=\"338\" title=\"&#8222;Und semesterweise gr\u00fc\u00dft die Pandemie&#8220; &#8211; KSS\" data-secret=\"ZIZlvzHvNo\" frameborder=\"0\" marginwidth=\"0\" marginheight=\"0\" scrolling=\"no\" class=\"wp-embedded-content\"><\/iframe><script type=\"text\/javascript\">\n\/* <![CDATA[ *\/\n\/*! This file is auto-generated *\/\n!function(d,l){\"use strict\";l.querySelector&&d.addEventListener&&\"undefined\"!=typeof URL&&(d.wp=d.wp||{},d.wp.receiveEmbedMessage||(d.wp.receiveEmbedMessage=function(e){var t=e.data;if((t||t.secret||t.message||t.value)&&!\/[^a-zA-Z0-9]\/.test(t.secret)){for(var s,r,n,a=l.querySelectorAll('iframe[data-secret=\"'+t.secret+'\"]'),o=l.querySelectorAll('blockquote[data-secret=\"'+t.secret+'\"]'),c=new RegExp(\"^https?:$\",\"i\"),i=0;i<o.length;i++)o[i].style.display=\"none\";for(i=0;i<a.length;i++)s=a[i],e.source===s.contentWindow&&(s.removeAttribute(\"style\"),\"height\"===t.message?(1e3<(r=parseInt(t.value,10))?r=1e3:~~r<200&&(r=200),s.height=r):\"link\"===t.message&&(r=new URL(s.getAttribute(\"src\")),n=new URL(t.value),c.test(n.protocol))&&n.host===r.host&&l.activeElement===s&&(d.top.location.href=t.value))}},d.addEventListener(\"message\",d.wp.receiveEmbedMessage,!1),l.addEventListener(\"DOMContentLoaded\",function(){for(var e,t,s=l.querySelectorAll(\"iframe.wp-embedded-content\"),r=0;r<s.length;r++)(t=(e=s[r]).getAttribute(\"data-secret\"))||(t=Math.random().toString(36).substring(2,12),e.src+=\"#?secret=\"+t,e.setAttribute(\"data-secret\",t)),e.contentWindow.postMessage({message:\"ready\",secret:t},\"*\")},!1)))}(window,document);\n\/* ]]> *\/\n<\/script>\n","description":"Landesstudierendenvertretung muss erneut umsichtiges Handeln von Land und Hochschulen fordern W\u00e4hrend an einigen s\u00e4chsischen Hochschulen die Vorlesungen bereits begonnen haben, bereiten sich andere aktuell auf den baldigen Start des Sommersemesters 2022 vor. Die Hochschulleitungen planen dabei die R\u00fcckkehr zur Pr\u00e4senz &#8211; zu gro\u00dfen Teilen sogar in Vollbelegung &#8211; und kommunizieren vermeintliche Normalit\u00e4t. Aus Sicht der Konferenz S\u00e4chsischer Studierendenschaften (KSS) kannHier weiter lesen..."}

Und semesterweise grüßt die Pandemie - KSS

<blockquote class="wp-embedded-content" data-secret="ZIZlvzHvNo"><a href="https://www.kss-sachsen.de/pm_07_22">Und semesterweise grüßt die Pandemie</a></blockquote><iframe sandbox="allow-scripts" security="restricted" src="https://www.kss-sachsen.de/pm_07_22?embed=true#?secret=ZIZlvzHvNo" width="600" height="338" title="&#8222;Und semesterweise grüßt die Pandemie&#8220; &#8211; KSS" data-secret="ZIZlvzHvNo" frameborder="0" marginwidth="0" marginheight="0" scrolling="no" class="wp-embedded-content"></iframe><script type="text/javascript">
/* <![CDATA[ */
/*! This file is auto-generated */
!function(d,l){"use strict";l.querySelector&&d.addEventListener&&"undefined"!=typeof URL&&(d.wp=d.wp||{},d.wp.receiveEmbedMessage||(d.wp.receiveEmbedMessage=function(e){var t=e.data;if((t||t.secret||t.message||t.value)&&!/[^a-zA-Z0-9]/.test(t.secret)){for(var s,r,n,a=l.querySelectorAll('iframe[data-secret="'+t.secret+'"]'),o=l.querySelectorAll('blockquote[data-secret="'+t.secret+'"]'),c=new RegExp("^https?:$","i"),i=0;i<o.length;i++)o[i].style.display="none";for(i=0;i<a.length;i++)s=a[i],e.source===s.contentWindow&&(s.removeAttribute("style"),"height"===t.message?(1e3<(r=parseInt(t.value,10))?r=1e3:~~r<200&&(r=200),s.height=r):"link"===t.message&&(r=new URL(s.getAttribute("src")),n=new URL(t.value),c.test(n.protocol))&&n.host===r.host&&l.activeElement===s&&(d.top.location.href=t.value))}},d.addEventListener("message",d.wp.receiveEmbedMessage,!1),l.addEventListener("DOMContentLoaded",function(){for(var e,t,s=l.querySelectorAll("iframe.wp-embedded-content"),r=0;r<s.length;r++)(t=(e=s[r]).getAttribute("data-secret"))||(t=Math.random().toString(36).substring(2,12),e.src+="#?secret="+t,e.setAttribute("data-secret",t)),e.contentWindow.postMessage({message:"ready",secret:t},"*")},!1)))}(window,document);
/* ]]> */
</script>

Landesstudierendenvertretung muss erneut umsichtiges Handeln von Land und Hochschulen fordern Während an einigen sächsischen Hochschulen die Vorlesungen bereits begonnen haben, bereiten sich andere aktuell auf den baldigen Start des Sommersemesters 2022 vor. Die Hochschulleitungen planen dabei die Rückkehr zur Präsenz &#8211; zu großen Teilen sogar in Vollbelegung &#8211; und kommunizieren vermeintliche Normalität. Aus Sicht der Konferenz Sächsischer Studierendenschaften (KSS) kannHier weiter lesen...
