{"id":197,"date":"2016-07-02T00:12:11","date_gmt":"2016-07-01T22:12:11","guid":{"rendered":"http:\/\/www2.kss-sachsen.de\/?page_id=197"},"modified":"2026-03-30T16:49:01","modified_gmt":"2026-03-30T14:49:01","slug":"landesstudierendenvertretung-in-sachsen","status":"publish","type":"page","link":"https:\/\/www.kss-sachsen.de\/","title":{"rendered":"KSS"},"content":{"rendered":"<p><img loading=\"lazy\" decoding=\"async\" class=\"alignright size-medium wp-image-1300\" src=\"https:\/\/www.kss-sachsen.de\/wp-content\/uploads\/2016\/07\/Logo_gro\u00df-300x205.png\" alt=\"\" width=\"300\" height=\"205\" srcset=\"https:\/\/www.kss-sachsen.de\/wp-content\/uploads\/2016\/07\/Logo_gro\u00df-300x205.png 300w, https:\/\/www.kss-sachsen.de\/wp-content\/uploads\/2016\/07\/Logo_gro\u00df-768x524.png 768w, https:\/\/www.kss-sachsen.de\/wp-content\/uploads\/2016\/07\/Logo_gro\u00df-1024x699.png 1024w, https:\/\/www.kss-sachsen.de\/wp-content\/uploads\/2016\/07\/Logo_gro\u00df-520x355.png 520w, https:\/\/www.kss-sachsen.de\/wp-content\/uploads\/2016\/07\/Logo_gro\u00df-740x505.png 740w\" sizes=\"(max-width: 300px) 100vw, 300px\" \/><\/p>\n<p class=\"align-left\">Die Konferenz S\u00e4chsischer Studierendenschaften (KSS) ist der Zusammenschluss aller Studierendenr\u00e4te der s\u00e4chsischen Hochschulen. Die KSS vertritt damit \u00fcber 105.000 Student*innen und somit alle Studierenden der 15 staatlichen Hochschulen Sachsens.<\/p>\n<p class=\"align-left\">Als Landesstudierendenvertretung setzt sie sich hochschul\u00fcbergreifend f\u00fcr die Interessen der Studierenden ein und ist Verhandlungspartnerin f\u00fcr die S\u00e4chsische Staatsregierung, insbesondere f\u00fcr das S\u00e4chsische Staatsministerium f\u00fcr Wissenschaft, Kultur und Tourismus, aber auch f\u00fcr andere landesweite Verb\u00e4nde.<\/p>\n<p class=\"align-left\">Dar\u00fcber hinaus bildet sie eine Plattform des Austausches und der Koordinierung f\u00fcr die Aktivit\u00e4ten der s\u00e4chsischen Studierendenr\u00e4te. Die KSS h\u00e4lt Kontakt und bildet ein Netzwerk mit den Studierendenvertretungen anderer Bundesl\u00e4nder sowie bundesweiten Zusammenschl\u00fcssen. Sie ist zum Beispiel Mitglied im Aktionsb\u00fcndnis gegen Studiengeb\u00fchren und eine der tragenden Organisationen des studentischen Akkreditierungspools.<\/p>\n<p class=\"align-left\">Das Entscheidungsorgan der KSS ist der <a href=\"\/LSR\">Landessprecher*innenrat<\/a>, in dem alle 15 Studierendenr\u00e4te der s\u00e4chsischen Hochschulen vertreten sind. Die Arbeitsgrundlage der KSS sind ihre Ordnungen und Vereinbarungen sowie \u00a7 29 des S\u00e4chsHSG.<\/p>\n<p><strong>Ab April 2026 sucht die Konferenz S\u00e4chsischer Studierendenschaften nach neuen Amtstr\u00e4ger*innen f\u00fcr folgende Positionen:<\/strong><\/p>\n<ul>\n<li>eine Beauftragung <a href=\"https:\/\/cloud.portal.fzs.de\/s\/HSC3ZmDtfApr85y\">Koordination<\/a><\/li>\n<li>eine Beauftragung <a href=\"https:\/\/cloud.portal.fzs.de\/s\/nya7ALrWP3GoTfB\">\u00d6ffentlichkeitsarbeit<\/a><\/li>\n<li class=\"p1\">zwei Referent*innen <a href=\"https:\/\/cloud.portal.fzs.de\/s\/gg4oXAojNSZgPqS\">Hochschulpolitik<\/a><\/li>\n<li class=\"p1\">ein*e Referent*in <a href=\"https:\/\/cloud.portal.fzs.de\/s\/tnLqmgFAL9mHg8i\">Lehre und Studium<\/a><\/li>\n<li class=\"p1\">ein*e Referent*in <a href=\"https:\/\/cloud.portal.fzs.de\/s\/nRBFy3WLjPXZ428\">Inklusion<\/a><\/li>\n<li>ein*e Referent*in <a href=\"https:\/\/cloud.portal.fzs.de\/s\/ctPQptibiyLFjrq\">Soziales<\/a><\/li>\n<li><span style=\"font-size: revert; color: initial; font-family: -apple-system, BlinkMacSystemFont, 'Segoe UI', Roboto, Oxygen-Sans, Ubuntu, Cantarell, 'Helvetica Neue', sans-serif;\">ein*e Referent*in <\/span><a href=\"https:\/\/cloud.portal.fzs.de\/s\/R3PWNsLge9CPFRo\">Lehramt<\/a><\/li>\n<li>ein*e Referent*in <a href=\"https:\/\/cloud.portal.fzs.de\/s\/tQH3fZMfD5552rq\">\u00d6kologie<\/a><\/li>\n<li>ein*e Referent*in <a href=\"https:\/\/cloud.portal.fzs.de\/s\/rcZd4xHGSAoWL52\">Feminismus<\/a><\/li>\n<li>ein*e Referent*in <a href=\"https:\/\/cloud.portal.fzs.de\/s\/rcZd4xHGSAoWL52\">Studentische Besch\u00e4ftigte<\/a><\/li>\n<\/ul>\n<p>F\u00fcr mehr Informationen zum Inhalt und Aufgaben klickt auf die jeweiligen Stellen oder ladet unsere <a href=\"https:\/\/cloud.portal.fzs.de\/s\/t5AkiKJfatWp8JE\">\u00dcbersichts-PDF mit allen Ausschreibungen<\/a> der KSS herunter.<\/p>\n<p>Die Wahl findet auf einer der monatlichen Sitzungen des Landessprecher*innenrates (LSR) der Konferenz S\u00e4chsischer Studierendenschaften, beziehungsweise w\u00e4hrend der Mitgliederversammlung des Vereines, welche \u00fcblicherweise nach einem LSR ist, statt. Vor der Wahl bekommen Bewerbende die M\u00f6glichkeit, sich nochmal vorzustellen, woraufhin der Raum f\u00fcr Fragen an die Bewerbenden ge\u00f6ffnet wird. Wir bitten dich fu\u0308r eine Befragung auch anwesend zu sein. Falls du dies nicht m\u00f6glich machen kannst, sag uns bitte rechtzeitig Bescheid. Die Sitzungstermine findest du unter <a href=\"http:\/\/kss-sachsen.de\/termine\">kss-sachsen.de\/termine<\/a>. Deine Bewerbung schickst du einfach an <strong>kontakt@kss-sachsen.de<\/strong>!<\/p>\n","protected":false},"excerpt":{"rendered":"<p>Die Konferenz S\u00e4chsischer Studierendenschaften (KSS) ist der Zusammenschluss aller Studierendenr\u00e4te der s\u00e4chsischen Hochschulen. Die KSS vertritt damit \u00fcber 105.000 Student*innen und somit alle Studierenden der 15 staatlichen Hochschulen Sachsens. Als Landesstudierendenvertretung setzt sie sich hochschul\u00fcbergreifend f\u00fcr die Interessen der Studierenden ein und ist Verhandlungspartnerin f\u00fcr die S\u00e4chsische Staatsregierung, insbesondere f\u00fcr das S\u00e4chsische Staatsministerium f\u00fcr Wissenschaft, Kultur und Tourismus, aber auch<a class=\"read-more\" href=\"https:\/\/www.kss-sachsen.de\/\">Hier weiter lesen&#8230;<\/a><\/p>\n","protected":false},"author":1,"featured_media":0,"parent":0,"menu_order":2,"comment_status":"closed","ping_status":"closed","template":"","meta":{"footnotes":""},"yoast_head":"<!-- This site is optimized with the Yoast SEO plugin v23.5 - https:\/\/yoast.com\/wordpress\/plugins\/seo\/ -->\n<title>KSS - KSS<\/title>\n<meta name=\"description\" content=\"Die Konferenz S\u00e4chsischer Studierendenschaften vertritt die Interessen aller s\u00e4chsischen Studierenden und streitet f\u00fcr ein gutes Studium.\" \/>\n<meta name=\"robots\" content=\"index, follow, max-snippet:-1, max-image-preview:large, max-video-preview:-1\" \/>\n<link rel=\"canonical\" href=\"https:\/\/www.kss-sachsen.de\/\" \/>\n<meta property=\"og:locale\" content=\"de_DE\" \/>\n<meta property=\"og:type\" content=\"article\" \/>\n<meta property=\"og:title\" content=\"KSS - KSS\" \/>\n<meta property=\"og:description\" content=\"Die Konferenz S\u00e4chsischer Studierendenschaften vertritt die Interessen aller s\u00e4chsischen Studierenden und streitet f\u00fcr ein gutes Studium.\" \/>\n<meta property=\"og:url\" content=\"https:\/\/www.kss-sachsen.de\/\" \/>\n<meta property=\"og:site_name\" content=\"KSS\" \/>\n<meta property=\"article:modified_time\" content=\"2026-03-30T14:49:01+00:00\" \/>\n<meta name=\"twitter:card\" content=\"summary_large_image\" \/>\n<meta name=\"twitter:label1\" content=\"Gesch\u00e4tzte Lesezeit\" \/>\n\t<meta name=\"twitter:data1\" content=\"2\u00a0Minuten\" \/>\n<script type=\"application\/ld+json\" class=\"yoast-schema-graph\">{\"@context\":\"https:\/\/schema.org\",\"@graph\":[{\"@type\":\"WebPage\",\"@id\":\"https:\/\/www.kss-sachsen.de\/\",\"url\":\"https:\/\/www.kss-sachsen.de\/\",\"name\":\"KSS - KSS\",\"isPartOf\":{\"@id\":\"https:\/\/www.kss-sachsen.de\/#website\"},\"datePublished\":\"2016-07-01T22:12:11+00:00\",\"dateModified\":\"2026-03-30T14:49:01+00:00\",\"description\":\"Die Konferenz S\u00e4chsischer Studierendenschaften vertritt die Interessen aller s\u00e4chsischen Studierenden und streitet f\u00fcr ein gutes Studium.\",\"breadcrumb\":{\"@id\":\"https:\/\/www.kss-sachsen.de\/#breadcrumb\"},\"inLanguage\":\"de\",\"potentialAction\":[{\"@type\":\"ReadAction\",\"target\":[\"https:\/\/www.kss-sachsen.de\/\"]}]},{\"@type\":\"BreadcrumbList\",\"@id\":\"https:\/\/www.kss-sachsen.de\/#breadcrumb\",\"itemListElement\":[{\"@type\":\"ListItem\",\"position\":1,\"name\":\"Home\",\"item\":\"https:\/\/www.kss-sachsen.de\/\"},{\"@type\":\"ListItem\",\"position\":2,\"name\":\"KSS\"}]},{\"@type\":\"WebSite\",\"@id\":\"https:\/\/www.kss-sachsen.de\/#website\",\"url\":\"https:\/\/www.kss-sachsen.de\/\",\"name\":\"Konferenz S\u00e4chsischer Studierendenschaften\",\"description\":\"Konferenz S\u00e4chsischer Studierendenschaften\",\"publisher\":{\"@id\":\"https:\/\/www.kss-sachsen.de\/#organization\"},\"potentialAction\":[{\"@type\":\"SearchAction\",\"target\":{\"@type\":\"EntryPoint\",\"urlTemplate\":\"https:\/\/www.kss-sachsen.de\/?s={search_term_string}\"},\"query-input\":{\"@type\":\"PropertyValueSpecification\",\"valueRequired\":true,\"valueName\":\"search_term_string\"}}],\"inLanguage\":\"de\"},{\"@type\":\"Organization\",\"@id\":\"https:\/\/www.kss-sachsen.de\/#organization\",\"name\":\"Konferenz S\u00e4chsischer Studierendenschaften\",\"url\":\"https:\/\/www.kss-sachsen.de\/\",\"logo\":{\"@type\":\"ImageObject\",\"inLanguage\":\"de\",\"@id\":\"https:\/\/www.kss-sachsen.de\/#\/schema\/logo\/image\/\",\"url\":\"https:\/\/www.kss-sachsen.de\/wp-content\/uploads\/2023\/02\/Logo-KSS.png\",\"contentUrl\":\"https:\/\/www.kss-sachsen.de\/wp-content\/uploads\/2023\/02\/Logo-KSS.png\",\"width\":2239,\"height\":1528,\"caption\":\"Konferenz S\u00e4chsischer Studierendenschaften\"},\"image\":{\"@id\":\"https:\/\/www.kss-sachsen.de\/#\/schema\/logo\/image\/\"},\"sameAs\":[\"https:\/\/www.instagram.com\/kss_sachsen\/\"]}]}<\/script>\n<!-- \/ Yoast SEO plugin. -->","yoast_head_json":{"title":"KSS - KSS","description":"Die Konferenz S\u00e4chsischer Studierendenschaften vertritt die Interessen aller s\u00e4chsischen Studierenden und streitet f\u00fcr ein gutes Studium.","robots":{"index":"index","follow":"follow","max-snippet":"max-snippet:-1","max-image-preview":"max-image-preview:large","max-video-preview":"max-video-preview:-1"},"canonical":"https:\/\/www.kss-sachsen.de\/","og_locale":"de_DE","og_type":"article","og_title":"KSS - KSS","og_description":"Die Konferenz S\u00e4chsischer Studierendenschaften vertritt die Interessen aller s\u00e4chsischen Studierenden und streitet f\u00fcr ein gutes Studium.","og_url":"https:\/\/www.kss-sachsen.de\/","og_site_name":"KSS","article_modified_time":"2026-03-30T14:49:01+00:00","twitter_card":"summary_large_image","twitter_misc":{"Gesch\u00e4tzte Lesezeit":"2\u00a0Minuten"},"schema":{"@context":"https:\/\/schema.org","@graph":[{"@type":"WebPage","@id":"https:\/\/www.kss-sachsen.de\/","url":"https:\/\/www.kss-sachsen.de\/","name":"KSS - KSS","isPartOf":{"@id":"https:\/\/www.kss-sachsen.de\/#website"},"datePublished":"2016-07-01T22:12:11+00:00","dateModified":"2026-03-30T14:49:01+00:00","description":"Die Konferenz S\u00e4chsischer Studierendenschaften vertritt die Interessen aller s\u00e4chsischen Studierenden und streitet f\u00fcr ein gutes Studium.","breadcrumb":{"@id":"https:\/\/www.kss-sachsen.de\/#breadcrumb"},"inLanguage":"de","potentialAction":[{"@type":"ReadAction","target":["https:\/\/www.kss-sachsen.de\/"]}]},{"@type":"BreadcrumbList","@id":"https:\/\/www.kss-sachsen.de\/#breadcrumb","itemListElement":[{"@type":"ListItem","position":1,"name":"Home","item":"https:\/\/www.kss-sachsen.de\/"},{"@type":"ListItem","position":2,"name":"KSS"}]},{"@type":"WebSite","@id":"https:\/\/www.kss-sachsen.de\/#website","url":"https:\/\/www.kss-sachsen.de\/","name":"Konferenz S\u00e4chsischer Studierendenschaften","description":"Konferenz S\u00e4chsischer Studierendenschaften","publisher":{"@id":"https:\/\/www.kss-sachsen.de\/#organization"},"potentialAction":[{"@type":"SearchAction","target":{"@type":"EntryPoint","urlTemplate":"https:\/\/www.kss-sachsen.de\/?s={search_term_string}"},"query-input":{"@type":"PropertyValueSpecification","valueRequired":true,"valueName":"search_term_string"}}],"inLanguage":"de"},{"@type":"Organization","@id":"https:\/\/www.kss-sachsen.de\/#organization","name":"Konferenz S\u00e4chsischer Studierendenschaften","url":"https:\/\/www.kss-sachsen.de\/","logo":{"@type":"ImageObject","inLanguage":"de","@id":"https:\/\/www.kss-sachsen.de\/#\/schema\/logo\/image\/","url":"https:\/\/www.kss-sachsen.de\/wp-content\/uploads\/2023\/02\/Logo-KSS.png","contentUrl":"https:\/\/www.kss-sachsen.de\/wp-content\/uploads\/2023\/02\/Logo-KSS.png","width":2239,"height":1528,"caption":"Konferenz S\u00e4chsischer Studierendenschaften"},"image":{"@id":"https:\/\/www.kss-sachsen.de\/#\/schema\/logo\/image\/"},"sameAs":["https:\/\/www.instagram.com\/kss_sachsen\/"]}]}},"_links":{"self":[{"href":"https:\/\/www.kss-sachsen.de\/index.php?rest_route=\/wp\/v2\/pages\/197"}],"collection":[{"href":"https:\/\/www.kss-sachsen.de\/index.php?rest_route=\/wp\/v2\/pages"}],"about":[{"href":"https:\/\/www.kss-sachsen.de\/index.php?rest_route=\/wp\/v2\/types\/page"}],"author":[{"embeddable":true,"href":"https:\/\/www.kss-sachsen.de\/index.php?rest_route=\/wp\/v2\/users\/1"}],"replies":[{"embeddable":true,"href":"https:\/\/www.kss-sachsen.de\/index.php?rest_route=%2Fwp%2Fv2%2Fcomments&post=197"}],"version-history":[{"count":29,"href":"https:\/\/www.kss-sachsen.de\/index.php?rest_route=\/wp\/v2\/pages\/197\/revisions"}],"predecessor-version":[{"id":4474,"href":"https:\/\/www.kss-sachsen.de\/index.php?rest_route=\/wp\/v2\/pages\/197\/revisions\/4474"}],"wp:attachment":[{"href":"https:\/\/www.kss-sachsen.de\/index.php?rest_route=%2Fwp%2Fv2%2Fmedia&parent=197"}],"curies":[{"name":"wp","href":"https:\/\/api.w.org\/{rel}","templated":true}]}}