{"id":255,"date":"2024-04-01T05:03:00","date_gmt":"2024-04-01T03:03:00","guid":{"rendered":"http:\/\/www2.kss-sachsen.de\/?page_id=255"},"modified":"2026-04-13T16:41:53","modified_gmt":"2026-04-13T14:41:53","slug":"wahlamter","status":"publish","type":"page","link":"https:\/\/www.kss-sachsen.de\/AT","title":{"rendered":"Amtstr\u00e4ger*innen"},"content":{"rendered":"<h2>Aktuelle Amtszeit vom 01.04.2026 bis 31.03.2027<\/h2>\n<p>F\u00fcr die aktuelle Amtszeit hat der LSR die\u00a0<a href=\"https:\/\/cloud.portal.fzs.de\/s\/t5AkiKJfatWp8JE\">Ausschreibungen der KSS<\/a>\u00a0beschlossen und damit folgende \u00c4mter eingerichtet.<\/p>\n<h3>Amtstr\u00e4ger*innen<\/h3>\n<p><a href=\"https:\/\/cloud.portal.fzs.de\/s\/Dtx475wxbKPtTYs\"><strong>Sprecher*innen<\/strong><\/a><\/p>\n<ul>\n<li>Laura H\u00f6flich, Bethany Knobloch | Kontakt: <a href=\"mailto:sprecherinnen@kss-sachsen.de\">sprecherinnen(at)kss-sachsen.de<\/a><\/li>\n<\/ul>\n<p><a href=\"https:\/\/cloud.portal.fzs.de\/s\/qcDdMcEbTBowqjx\"><strong>Beauftragung Koordination<\/strong><\/a><\/p>\n<ul>\n<li>vakant | Kontakt: <a href=\"mailto:koordination@kss-sachsen.de\">koordination(at)kss-sachsen.de<\/a><\/li>\n<\/ul>\n<p><a href=\"https:\/\/cloud.portal.fzs.de\/s\/Tc8brSGFkJf6r2Z\"><strong>Beauftragung \u00d6ffentlichkeitsarbeit<\/strong><\/a><\/p>\n<ul>\n<li>vakant | Kontakt: <a href=\"mailto:oeffentlichkeitsarbeit@kss-sachsen.de\">oeffentlichkeitsarbeit(at)kss-sachsen.de<\/a><\/li>\n<\/ul>\n<p><a href=\"https:\/\/cloud.portal.fzs.de\/s\/otxTJLM4cMgQ9nx\"><strong>Beauftragung Administration Rechentechnik<\/strong><\/a><\/p>\n<ul>\n<li>vakant<\/li>\n<\/ul>\n<p><a href=\"https:\/\/cloud.portal.fzs.de\/s\/WWMm36fY3HkKJ5y\"><strong>Referat Internationale Studierende<\/strong><\/a><\/p>\n<ul>\n<li>Richard Zur Oven-Krockhaus | Kontakt: <a href=\"mailto:internationales@kss-sachsen.de\">internationales(at)kss-sachsen.de<\/a><\/li>\n<\/ul>\n<p><a href=\"https:\/\/cloud.portal.fzs.de\/s\/5rs7FqgrnwibJmH\"><strong>Referat Feminismus<\/strong><\/a><\/p>\n<ul>\n<li>vakant | Kontakt: <a href=\"mailto:feminismus@kss-sachsen.de\">feminismus(at)kss-sachsen.de<\/a><\/li>\n<\/ul>\n<p><a href=\"https:\/\/cloud.portal.fzs.de\/s\/jidfaEoeQ7AtgYb\"><strong>Referat Hochschulpolitik<\/strong><\/a><\/p>\n<ul>\n<li>vakant | Kontakt: <a href=\"mailto:hopo@kss-sachsen.de\">hopo(at)kss-sachsen.de<\/a><\/li>\n<\/ul>\n<p><a href=\"https:\/\/cloud.portal.fzs.de\/s\/42rcT3QewH2K5D4\"><strong>Referat Inklusion<\/strong><\/a><\/p>\n<ul>\n<li>vakant | Kontakt: <a href=\"mailto:inklusion@kss-sachsen.de\">inklusion(at)kss-sachsen.de<\/a><\/li>\n<\/ul>\n<p><a href=\"https:\/\/cloud.portal.fzs.de\/s\/kgmPk3NDm5Y8WCE\"><strong>Referat Lehramt<\/strong><\/a><\/p>\n<ul>\n<li>vakant | Kontakt: <a href=\"mailto:lehramt@kss-sachsen.de\">lehramt(at)kss-sachsen.de<\/a><\/li>\n<\/ul>\n<p><a href=\"https:\/\/cloud.portal.fzs.de\/s\/kw75yZb3axrkefm\"><strong>Referat Lehre und Studium<\/strong><\/a><\/p>\n<ul>\n<li>vakant | Kontakt: <a href=\"mailto:lust@kss-sachsen.de\">lust(at)kss-sachsen.de<\/a><\/li>\n<\/ul>\n<p><a href=\"https:\/\/cloud.portal.fzs.de\/s\/d7aWCkspGjkbQLa\"><strong>Referat \u00d6kologie<\/strong><\/a><\/p>\n<ul>\n<li>vakant | Kontakt: <a href=\"mailto:oekologie@kss-sachsen.de\">oekologie(at)kss-sachsen.de<\/a><\/li>\n<\/ul>\n<p><a href=\"https:\/\/cloud.portal.fzs.de\/s\/kwn6fGKBM7GoCCg\"><strong>Referat Soziales<\/strong><\/a><\/p>\n<ul>\n<li>vakant | Kontakt: <a href=\"mailto:soziales@kss-sachsen.de\">soziales(at)kss-sachsen.de<\/a><\/li>\n<\/ul>\n<p><a href=\"https:\/\/cloud.portal.fzs.de\/s\/d4nyES9wcw2GLFj\"><strong>Referat Studentische Besch\u00e4ftigte<\/strong><\/a><\/p>\n<ul>\n<li>vakant | Kontakt: <a href=\"mailto:beschaeftigung@kss-sachsen.de\">beschaeftigung(at)kss-sachsen.de<\/a><\/li>\n<\/ul>\n<h2>Informationen zur Bewerbung<\/h2>\n<p>Die Bewerbung auf ein Amt in der KSS inklusive eines kurzen Motivationsschreibens und eines hochschulpolitischen Lebenslaufs sind bitte bis sp\u00e4testens vier Tage vor der n\u00e4chsten Sitzung digital an\u00a0<a href=\"mailto:kontakt@kss-sachsen.de\">kontakt(at)kss-sachsen.de<\/a>\u00a0zu senden.<\/p>\n<p>Die\u00a0<strong>Wahl<\/strong>\u00a0findet auf einer\u00a0<strong>Sitzung des Landessprecher*innenrates (LSR)\u00a0<\/strong>der Konferenz S\u00e4chsischer Studierendenschaften\u00a0statt.\u00a0Wir bitten dich f\u00fcr eine Befragung anwesend zu sein. Falls du dies nicht m\u00f6glich machen kannst, sag uns bitte rechtzeitig Bescheid. Die\u00a0<a href=\"https:\/\/www.kss-sachsen.de\/termine\">kommenden Sitzungstermine<\/a>\u00a0findet ihr auf unserer Webseite.<\/p>\n","protected":false},"excerpt":{"rendered":"<p>Aktuelle Amtszeit vom 01.04.2026 bis 31.03.2027 F\u00fcr die aktuelle Amtszeit hat der LSR die\u00a0Ausschreibungen der KSS\u00a0beschlossen und damit folgende \u00c4mter eingerichtet. Amtstr\u00e4ger*innen Sprecher*innen Laura H\u00f6flich, Bethany Knobloch | Kontakt: sprecherinnen(at)kss-sachsen.de Beauftragung Koordination vakant | Kontakt: koordination(at)kss-sachsen.de Beauftragung \u00d6ffentlichkeitsarbeit vakant | Kontakt: oeffentlichkeitsarbeit(at)kss-sachsen.de Beauftragung Administration Rechentechnik vakant Referat Internationale Studierende Richard Zur Oven-Krockhaus | Kontakt: internationales(at)kss-sachsen.de Referat Feminismus vakant | Kontakt:<a class=\"read-more\" href=\"https:\/\/www.kss-sachsen.de\/AT\">Hier weiter lesen&#8230;<\/a><\/p>\n","protected":false},"author":1,"featured_media":0,"parent":197,"menu_order":4,"comment_status":"closed","ping_status":"closed","template":"","meta":{"footnotes":""},"yoast_head":"<!-- This site is optimized with the Yoast SEO plugin v23.5 - https:\/\/yoast.com\/wordpress\/plugins\/seo\/ -->\n<title>Amtstr\u00e4ger*innen - KSS<\/title>\n<meta name=\"robots\" content=\"index, follow, max-snippet:-1, max-image-preview:large, max-video-preview:-1\" \/>\n<link rel=\"canonical\" href=\"https:\/\/www.kss-sachsen.de\/AT\" \/>\n<meta property=\"og:locale\" content=\"de_DE\" \/>\n<meta property=\"og:type\" content=\"article\" \/>\n<meta property=\"og:title\" content=\"Amtstr\u00e4ger*innen - KSS\" \/>\n<meta property=\"og:description\" content=\"Aktuelle Amtszeit vom 01.04.2026 bis 31.03.2027 F\u00fcr die aktuelle Amtszeit hat der LSR die\u00a0Ausschreibungen der KSS\u00a0beschlossen und damit folgende \u00c4mter eingerichtet. Amtstr\u00e4ger*innen Sprecher*innen Laura H\u00f6flich, Bethany Knobloch | Kontakt: sprecherinnen(at)kss-sachsen.de Beauftragung Koordination vakant | Kontakt: koordination(at)kss-sachsen.de Beauftragung \u00d6ffentlichkeitsarbeit vakant | Kontakt: oeffentlichkeitsarbeit(at)kss-sachsen.de Beauftragung Administration Rechentechnik vakant Referat Internationale Studierende Richard Zur Oven-Krockhaus | Kontakt: internationales(at)kss-sachsen.de Referat Feminismus vakant | Kontakt:Hier weiter lesen...\" \/>\n<meta property=\"og:url\" content=\"https:\/\/www.kss-sachsen.de\/AT\" \/>\n<meta property=\"og:site_name\" content=\"KSS\" \/>\n<meta property=\"article:modified_time\" content=\"2026-04-13T14:41:53+00:00\" \/>\n<meta name=\"twitter:card\" content=\"summary_large_image\" \/>\n<meta name=\"twitter:label1\" content=\"Gesch\u00e4tzte Lesezeit\" \/>\n\t<meta name=\"twitter:data1\" content=\"2\u00a0Minuten\" \/>\n<script type=\"application\/ld+json\" class=\"yoast-schema-graph\">{\"@context\":\"https:\/\/schema.org\",\"@graph\":[{\"@type\":\"WebPage\",\"@id\":\"https:\/\/www.kss-sachsen.de\/AT\",\"url\":\"https:\/\/www.kss-sachsen.de\/AT\",\"name\":\"Amtstr\u00e4ger*innen - KSS\",\"isPartOf\":{\"@id\":\"https:\/\/www.kss-sachsen.de\/#website\"},\"datePublished\":\"2024-04-01T03:03:00+00:00\",\"dateModified\":\"2026-04-13T14:41:53+00:00\",\"breadcrumb\":{\"@id\":\"https:\/\/www.kss-sachsen.de\/AT#breadcrumb\"},\"inLanguage\":\"de\",\"potentialAction\":[{\"@type\":\"ReadAction\",\"target\":[\"https:\/\/www.kss-sachsen.de\/AT\"]}]},{\"@type\":\"BreadcrumbList\",\"@id\":\"https:\/\/www.kss-sachsen.de\/AT#breadcrumb\",\"itemListElement\":[{\"@type\":\"ListItem\",\"position\":1,\"name\":\"Home\",\"item\":\"https:\/\/www.kss-sachsen.de\/\"},{\"@type\":\"ListItem\",\"position\":2,\"name\":\"KSS\",\"item\":\"https:\/\/www.kss-sachsen.de\/\"},{\"@type\":\"ListItem\",\"position\":3,\"name\":\"Amtstr\u00e4ger*innen\"}]},{\"@type\":\"WebSite\",\"@id\":\"https:\/\/www.kss-sachsen.de\/#website\",\"url\":\"https:\/\/www.kss-sachsen.de\/\",\"name\":\"Konferenz S\u00e4chsischer Studierendenschaften\",\"description\":\"Konferenz S\u00e4chsischer Studierendenschaften\",\"publisher\":{\"@id\":\"https:\/\/www.kss-sachsen.de\/#organization\"},\"potentialAction\":[{\"@type\":\"SearchAction\",\"target\":{\"@type\":\"EntryPoint\",\"urlTemplate\":\"https:\/\/www.kss-sachsen.de\/?s={search_term_string}\"},\"query-input\":{\"@type\":\"PropertyValueSpecification\",\"valueRequired\":true,\"valueName\":\"search_term_string\"}}],\"inLanguage\":\"de\"},{\"@type\":\"Organization\",\"@id\":\"https:\/\/www.kss-sachsen.de\/#organization\",\"name\":\"Konferenz S\u00e4chsischer Studierendenschaften\",\"url\":\"https:\/\/www.kss-sachsen.de\/\",\"logo\":{\"@type\":\"ImageObject\",\"inLanguage\":\"de\",\"@id\":\"https:\/\/www.kss-sachsen.de\/#\/schema\/logo\/image\/\",\"url\":\"https:\/\/www.kss-sachsen.de\/wp-content\/uploads\/2023\/02\/Logo-KSS.png\",\"contentUrl\":\"https:\/\/www.kss-sachsen.de\/wp-content\/uploads\/2023\/02\/Logo-KSS.png\",\"width\":2239,\"height\":1528,\"caption\":\"Konferenz S\u00e4chsischer Studierendenschaften\"},\"image\":{\"@id\":\"https:\/\/www.kss-sachsen.de\/#\/schema\/logo\/image\/\"},\"sameAs\":[\"https:\/\/www.instagram.com\/kss_sachsen\/\"]}]}<\/script>\n<!-- \/ Yoast SEO plugin. -->","yoast_head_json":{"title":"Amtstr\u00e4ger*innen - KSS","robots":{"index":"index","follow":"follow","max-snippet":"max-snippet:-1","max-image-preview":"max-image-preview:large","max-video-preview":"max-video-preview:-1"},"canonical":"https:\/\/www.kss-sachsen.de\/AT","og_locale":"de_DE","og_type":"article","og_title":"Amtstr\u00e4ger*innen - KSS","og_description":"Aktuelle Amtszeit vom 01.04.2026 bis 31.03.2027 F\u00fcr die aktuelle Amtszeit hat der LSR die\u00a0Ausschreibungen der KSS\u00a0beschlossen und damit folgende \u00c4mter eingerichtet. Amtstr\u00e4ger*innen Sprecher*innen Laura H\u00f6flich, Bethany Knobloch | Kontakt: sprecherinnen(at)kss-sachsen.de Beauftragung Koordination vakant | Kontakt: koordination(at)kss-sachsen.de Beauftragung \u00d6ffentlichkeitsarbeit vakant | Kontakt: oeffentlichkeitsarbeit(at)kss-sachsen.de Beauftragung Administration Rechentechnik vakant Referat Internationale Studierende Richard Zur Oven-Krockhaus | Kontakt: internationales(at)kss-sachsen.de Referat Feminismus vakant | Kontakt:Hier weiter lesen...","og_url":"https:\/\/www.kss-sachsen.de\/AT","og_site_name":"KSS","article_modified_time":"2026-04-13T14:41:53+00:00","twitter_card":"summary_large_image","twitter_misc":{"Gesch\u00e4tzte Lesezeit":"2\u00a0Minuten"},"schema":{"@context":"https:\/\/schema.org","@graph":[{"@type":"WebPage","@id":"https:\/\/www.kss-sachsen.de\/AT","url":"https:\/\/www.kss-sachsen.de\/AT","name":"Amtstr\u00e4ger*innen - KSS","isPartOf":{"@id":"https:\/\/www.kss-sachsen.de\/#website"},"datePublished":"2024-04-01T03:03:00+00:00","dateModified":"2026-04-13T14:41:53+00:00","breadcrumb":{"@id":"https:\/\/www.kss-sachsen.de\/AT#breadcrumb"},"inLanguage":"de","potentialAction":[{"@type":"ReadAction","target":["https:\/\/www.kss-sachsen.de\/AT"]}]},{"@type":"BreadcrumbList","@id":"https:\/\/www.kss-sachsen.de\/AT#breadcrumb","itemListElement":[{"@type":"ListItem","position":1,"name":"Home","item":"https:\/\/www.kss-sachsen.de\/"},{"@type":"ListItem","position":2,"name":"KSS","item":"https:\/\/www.kss-sachsen.de\/"},{"@type":"ListItem","position":3,"name":"Amtstr\u00e4ger*innen"}]},{"@type":"WebSite","@id":"https:\/\/www.kss-sachsen.de\/#website","url":"https:\/\/www.kss-sachsen.de\/","name":"Konferenz S\u00e4chsischer Studierendenschaften","description":"Konferenz S\u00e4chsischer Studierendenschaften","publisher":{"@id":"https:\/\/www.kss-sachsen.de\/#organization"},"potentialAction":[{"@type":"SearchAction","target":{"@type":"EntryPoint","urlTemplate":"https:\/\/www.kss-sachsen.de\/?s={search_term_string}"},"query-input":{"@type":"PropertyValueSpecification","valueRequired":true,"valueName":"search_term_string"}}],"inLanguage":"de"},{"@type":"Organization","@id":"https:\/\/www.kss-sachsen.de\/#organization","name":"Konferenz S\u00e4chsischer Studierendenschaften","url":"https:\/\/www.kss-sachsen.de\/","logo":{"@type":"ImageObject","inLanguage":"de","@id":"https:\/\/www.kss-sachsen.de\/#\/schema\/logo\/image\/","url":"https:\/\/www.kss-sachsen.de\/wp-content\/uploads\/2023\/02\/Logo-KSS.png","contentUrl":"https:\/\/www.kss-sachsen.de\/wp-content\/uploads\/2023\/02\/Logo-KSS.png","width":2239,"height":1528,"caption":"Konferenz S\u00e4chsischer Studierendenschaften"},"image":{"@id":"https:\/\/www.kss-sachsen.de\/#\/schema\/logo\/image\/"},"sameAs":["https:\/\/www.instagram.com\/kss_sachsen\/"]}]}},"_links":{"self":[{"href":"https:\/\/www.kss-sachsen.de\/index.php?rest_route=\/wp\/v2\/pages\/255"}],"collection":[{"href":"https:\/\/www.kss-sachsen.de\/index.php?rest_route=\/wp\/v2\/pages"}],"about":[{"href":"https:\/\/www.kss-sachsen.de\/index.php?rest_route=\/wp\/v2\/types\/page"}],"author":[{"embeddable":true,"href":"https:\/\/www.kss-sachsen.de\/index.php?rest_route=\/wp\/v2\/users\/1"}],"replies":[{"embeddable":true,"href":"https:\/\/www.kss-sachsen.de\/index.php?rest_route=%2Fwp%2Fv2%2Fcomments&post=255"}],"version-history":[{"count":65,"href":"https:\/\/www.kss-sachsen.de\/index.php?rest_route=\/wp\/v2\/pages\/255\/revisions"}],"predecessor-version":[{"id":4482,"href":"https:\/\/www.kss-sachsen.de\/index.php?rest_route=\/wp\/v2\/pages\/255\/revisions\/4482"}],"up":[{"embeddable":true,"href":"https:\/\/www.kss-sachsen.de\/index.php?rest_route=\/wp\/v2\/pages\/197"}],"wp:attachment":[{"href":"https:\/\/www.kss-sachsen.de\/index.php?rest_route=%2Fwp%2Fv2%2Fmedia&parent=255"}],"curies":[{"name":"wp","href":"https:\/\/api.w.org\/{rel}","templated":true}]}}