{"id":3496,"date":"2023-08-03T18:53:47","date_gmt":"2023-08-03T16:53:47","guid":{"rendered":"https:\/\/www.kss-sachsen.de\/?page_id=3496"},"modified":"2024-07-12T12:25:20","modified_gmt":"2024-07-12T10:25:20","slug":"forderungen-zur-landtagswahl-2024","status":"publish","type":"page","link":"https:\/\/www.kss-sachsen.de\/landtagswahl","title":{"rendered":"Landtagswahl 2024"},"content":{"rendered":"\n<p>Am 01. September finden die s\u00e4chsischen Landtagswahlen statt. Zusammen mit der s\u00e4chsischen\u00a0<a href=\"https:\/\/www.lrk-sachsen.de\/\">Landesrektorenkonferenz<\/a>\u00a0und den Studentenwerken\u00a0<a href=\"https:\/\/www.swcz.de\/de\/\">Chemnitz\/Zwickau<\/a>,\u00a0<a href=\"https:\/\/www.studentenwerk-dresden.de\/\">Dresden<\/a>,\u00a0<a href=\"https:\/\/www.studentenwerk-freiberg.de\/freiberg\/de\/\">Freiberg<\/a>\u00a0und\u00a0<a href=\"http:\/\/www.studentenwerk-leipzig.de\">Leipzig<\/a>\u00a0rufen wir, die\u00a0<a href=\"https:\/\/www.kss-sachsen.de\/\">Konferenz S\u00e4chsischer Studierendenschaften<\/a>, alle Studierenden auf w\u00e4hlen zu gehen. Diese Landtagswahl ist enorm wichtig, nicht zuletzt wird sich f\u00fcr die n\u00e4chsten f\u00fcnf Jahre die Entwicklung der s\u00e4chsischen Hochschulen und damit deines Studiums entscheiden. Da der 01. September mitten in der vorlesungsfreien Zeit liegt und viele Studierende die Zeit nutzen, um zu ihren Eltern zu fahren oder zu verreisen, empfehlen wir per Briefwahl zu w\u00e4hlen. <\/p>\n\n\n\n<p>Unsere Forderungen gibt es hier: <a href=\"https:\/\/www.kss-sachsen.de\/?page_id=4094\">Forderungen zur Landtagswahl 2024<\/a>.<\/p>\n\n\n\n<p><\/p>\n\n\n\n<h2 class=\"wp-block-heading\">Jung sein und w\u00e4hlen!?<\/h2>\n\n\n\n<p>Die Wahlbeteiligung im Freistaat Sachsen ist zur Landtagswahl 2019 auf 65,5 Prozent gestiegen. Diese Entwicklung muss sich nun fortsetzen. Bei den unter 30-J\u00e4hrigen lag die Wahlbeteiligung bei der Landtagswahl 2019 bei nur 42,3 %.<\/p>\n\n\n\n<p>Da Studierende meist junge Menschen sind \u2013 zum \u00fcberwiegenden Anteil von ca. 80 % der Altersgruppe unter 30 zuzuordnen \u2013 m\u00f6chten wir gerade die s\u00e4chsischen Studierenden zur Beteiligung an den Wahlen aufrufen, um dieser Entwicklung entgegenzuwirken. Dabei sollen sich gerade junge W\u00e4hler*innen durch unsere Wahlpr\u00fcfsteine orientieren k\u00f6nnen und damit einen ersten \u00dcberblick erhalten, welche Parteien ihren politischen Positionen am n\u00e4chsten steht. Wir haben die Parteien zu verschiedenen hochschulpolitischen Aspekten befragt \u2013 von A wie Arbeitsbedingungen bis Z wie Zielvereinbarung.<\/p>\n\n\n\n<p>Aber schaut selbst: in den\u00a0<a href=\"https:\/\/www.kss-sachsen.de\/wahlpruefsteine\">Wahlpr\u00fcfsteinen der KSS<\/a>.<\/p>\n","protected":false},"excerpt":{"rendered":"<p>Am 01. September finden die s\u00e4chsischen Landtagswahlen statt. Zusammen mit der s\u00e4chsischen\u00a0Landesrektorenkonferenz\u00a0und den Studentenwerken\u00a0Chemnitz\/Zwickau,\u00a0Dresden,\u00a0Freiberg\u00a0und\u00a0Leipzig\u00a0rufen wir, die\u00a0Konferenz S\u00e4chsischer Studierendenschaften, alle Studierenden auf w\u00e4hlen zu gehen. Diese Landtagswahl ist enorm wichtig, nicht zuletzt wird sich f\u00fcr die n\u00e4chsten f\u00fcnf Jahre die Entwicklung der s\u00e4chsischen Hochschulen und damit deines Studiums entscheiden. Da der 01. September mitten in der vorlesungsfreien Zeit liegt und viele<a class=\"read-more\" href=\"https:\/\/www.kss-sachsen.de\/landtagswahl\">Hier weiter lesen&#8230;<\/a><\/p>\n","protected":false},"author":1,"featured_media":0,"parent":1966,"menu_order":1,"comment_status":"closed","ping_status":"closed","template":"","meta":{"footnotes":""},"yoast_head":"<!-- This site is optimized with the Yoast SEO plugin v23.5 - https:\/\/yoast.com\/wordpress\/plugins\/seo\/ -->\n<title>Landtagswahl 2024 - KSS<\/title>\n<meta name=\"robots\" content=\"index, follow, max-snippet:-1, max-image-preview:large, max-video-preview:-1\" \/>\n<link rel=\"canonical\" href=\"https:\/\/www.kss-sachsen.de\/landtagswahl\" \/>\n<meta property=\"og:locale\" content=\"de_DE\" \/>\n<meta property=\"og:type\" content=\"article\" \/>\n<meta property=\"og:title\" content=\"Landtagswahl 2024 - KSS\" \/>\n<meta property=\"og:description\" content=\"Am 01. September finden die s\u00e4chsischen Landtagswahlen statt. Zusammen mit der s\u00e4chsischen\u00a0Landesrektorenkonferenz\u00a0und den Studentenwerken\u00a0Chemnitz\/Zwickau,\u00a0Dresden,\u00a0Freiberg\u00a0und\u00a0Leipzig\u00a0rufen wir, die\u00a0Konferenz S\u00e4chsischer Studierendenschaften, alle Studierenden auf w\u00e4hlen zu gehen. Diese Landtagswahl ist enorm wichtig, nicht zuletzt wird sich f\u00fcr die n\u00e4chsten f\u00fcnf Jahre die Entwicklung der s\u00e4chsischen Hochschulen und damit deines Studiums entscheiden. Da der 01. September mitten in der vorlesungsfreien Zeit liegt und vieleHier weiter lesen...\" \/>\n<meta property=\"og:url\" content=\"https:\/\/www.kss-sachsen.de\/landtagswahl\" \/>\n<meta property=\"og:site_name\" content=\"KSS\" \/>\n<meta property=\"article:modified_time\" content=\"2024-07-12T10:25:20+00:00\" \/>\n<meta name=\"twitter:card\" content=\"summary_large_image\" \/>\n<meta name=\"twitter:label1\" content=\"Gesch\u00e4tzte Lesezeit\" \/>\n\t<meta name=\"twitter:data1\" content=\"2\u00a0Minuten\" \/>\n<script type=\"application\/ld+json\" class=\"yoast-schema-graph\">{\"@context\":\"https:\/\/schema.org\",\"@graph\":[{\"@type\":\"WebPage\",\"@id\":\"https:\/\/www.kss-sachsen.de\/landtagswahl\",\"url\":\"https:\/\/www.kss-sachsen.de\/landtagswahl\",\"name\":\"Landtagswahl 2024 - KSS\",\"isPartOf\":{\"@id\":\"https:\/\/www.kss-sachsen.de\/#website\"},\"datePublished\":\"2023-08-03T16:53:47+00:00\",\"dateModified\":\"2024-07-12T10:25:20+00:00\",\"breadcrumb\":{\"@id\":\"https:\/\/www.kss-sachsen.de\/landtagswahl#breadcrumb\"},\"inLanguage\":\"de\",\"potentialAction\":[{\"@type\":\"ReadAction\",\"target\":[\"https:\/\/www.kss-sachsen.de\/landtagswahl\"]}]},{\"@type\":\"BreadcrumbList\",\"@id\":\"https:\/\/www.kss-sachsen.de\/landtagswahl#breadcrumb\",\"itemListElement\":[{\"@type\":\"ListItem\",\"position\":1,\"name\":\"Home\",\"item\":\"https:\/\/www.kss-sachsen.de\/\"},{\"@type\":\"ListItem\",\"position\":2,\"name\":\"Themen\",\"item\":\"https:\/\/www.kss-sachsen.de\/themen\"},{\"@type\":\"ListItem\",\"position\":3,\"name\":\"Hochschulpolitik\",\"item\":\"https:\/\/www.kss-sachsen.de\/HoPo\"},{\"@type\":\"ListItem\",\"position\":4,\"name\":\"Landtagswahl 2024\"}]},{\"@type\":\"WebSite\",\"@id\":\"https:\/\/www.kss-sachsen.de\/#website\",\"url\":\"https:\/\/www.kss-sachsen.de\/\",\"name\":\"Konferenz S\u00e4chsischer Studierendenschaften\",\"description\":\"Konferenz S\u00e4chsischer Studierendenschaften\",\"publisher\":{\"@id\":\"https:\/\/www.kss-sachsen.de\/#organization\"},\"potentialAction\":[{\"@type\":\"SearchAction\",\"target\":{\"@type\":\"EntryPoint\",\"urlTemplate\":\"https:\/\/www.kss-sachsen.de\/?s={search_term_string}\"},\"query-input\":{\"@type\":\"PropertyValueSpecification\",\"valueRequired\":true,\"valueName\":\"search_term_string\"}}],\"inLanguage\":\"de\"},{\"@type\":\"Organization\",\"@id\":\"https:\/\/www.kss-sachsen.de\/#organization\",\"name\":\"Konferenz S\u00e4chsischer Studierendenschaften\",\"url\":\"https:\/\/www.kss-sachsen.de\/\",\"logo\":{\"@type\":\"ImageObject\",\"inLanguage\":\"de\",\"@id\":\"https:\/\/www.kss-sachsen.de\/#\/schema\/logo\/image\/\",\"url\":\"https:\/\/www.kss-sachsen.de\/wp-content\/uploads\/2023\/02\/Logo-KSS.png\",\"contentUrl\":\"https:\/\/www.kss-sachsen.de\/wp-content\/uploads\/2023\/02\/Logo-KSS.png\",\"width\":2239,\"height\":1528,\"caption\":\"Konferenz S\u00e4chsischer Studierendenschaften\"},\"image\":{\"@id\":\"https:\/\/www.kss-sachsen.de\/#\/schema\/logo\/image\/\"},\"sameAs\":[\"https:\/\/www.instagram.com\/kss_sachsen\/\"]}]}<\/script>\n<!-- \/ Yoast SEO plugin. -->","yoast_head_json":{"title":"Landtagswahl 2024 - KSS","robots":{"index":"index","follow":"follow","max-snippet":"max-snippet:-1","max-image-preview":"max-image-preview:large","max-video-preview":"max-video-preview:-1"},"canonical":"https:\/\/www.kss-sachsen.de\/landtagswahl","og_locale":"de_DE","og_type":"article","og_title":"Landtagswahl 2024 - KSS","og_description":"Am 01. September finden die s\u00e4chsischen Landtagswahlen statt. Zusammen mit der s\u00e4chsischen\u00a0Landesrektorenkonferenz\u00a0und den Studentenwerken\u00a0Chemnitz\/Zwickau,\u00a0Dresden,\u00a0Freiberg\u00a0und\u00a0Leipzig\u00a0rufen wir, die\u00a0Konferenz S\u00e4chsischer Studierendenschaften, alle Studierenden auf w\u00e4hlen zu gehen. Diese Landtagswahl ist enorm wichtig, nicht zuletzt wird sich f\u00fcr die n\u00e4chsten f\u00fcnf Jahre die Entwicklung der s\u00e4chsischen Hochschulen und damit deines Studiums entscheiden. Da der 01. September mitten in der vorlesungsfreien Zeit liegt und vieleHier weiter lesen...","og_url":"https:\/\/www.kss-sachsen.de\/landtagswahl","og_site_name":"KSS","article_modified_time":"2024-07-12T10:25:20+00:00","twitter_card":"summary_large_image","twitter_misc":{"Gesch\u00e4tzte Lesezeit":"2\u00a0Minuten"},"schema":{"@context":"https:\/\/schema.org","@graph":[{"@type":"WebPage","@id":"https:\/\/www.kss-sachsen.de\/landtagswahl","url":"https:\/\/www.kss-sachsen.de\/landtagswahl","name":"Landtagswahl 2024 - KSS","isPartOf":{"@id":"https:\/\/www.kss-sachsen.de\/#website"},"datePublished":"2023-08-03T16:53:47+00:00","dateModified":"2024-07-12T10:25:20+00:00","breadcrumb":{"@id":"https:\/\/www.kss-sachsen.de\/landtagswahl#breadcrumb"},"inLanguage":"de","potentialAction":[{"@type":"ReadAction","target":["https:\/\/www.kss-sachsen.de\/landtagswahl"]}]},{"@type":"BreadcrumbList","@id":"https:\/\/www.kss-sachsen.de\/landtagswahl#breadcrumb","itemListElement":[{"@type":"ListItem","position":1,"name":"Home","item":"https:\/\/www.kss-sachsen.de\/"},{"@type":"ListItem","position":2,"name":"Themen","item":"https:\/\/www.kss-sachsen.de\/themen"},{"@type":"ListItem","position":3,"name":"Hochschulpolitik","item":"https:\/\/www.kss-sachsen.de\/HoPo"},{"@type":"ListItem","position":4,"name":"Landtagswahl 2024"}]},{"@type":"WebSite","@id":"https:\/\/www.kss-sachsen.de\/#website","url":"https:\/\/www.kss-sachsen.de\/","name":"Konferenz S\u00e4chsischer Studierendenschaften","description":"Konferenz S\u00e4chsischer Studierendenschaften","publisher":{"@id":"https:\/\/www.kss-sachsen.de\/#organization"},"potentialAction":[{"@type":"SearchAction","target":{"@type":"EntryPoint","urlTemplate":"https:\/\/www.kss-sachsen.de\/?s={search_term_string}"},"query-input":{"@type":"PropertyValueSpecification","valueRequired":true,"valueName":"search_term_string"}}],"inLanguage":"de"},{"@type":"Organization","@id":"https:\/\/www.kss-sachsen.de\/#organization","name":"Konferenz S\u00e4chsischer Studierendenschaften","url":"https:\/\/www.kss-sachsen.de\/","logo":{"@type":"ImageObject","inLanguage":"de","@id":"https:\/\/www.kss-sachsen.de\/#\/schema\/logo\/image\/","url":"https:\/\/www.kss-sachsen.de\/wp-content\/uploads\/2023\/02\/Logo-KSS.png","contentUrl":"https:\/\/www.kss-sachsen.de\/wp-content\/uploads\/2023\/02\/Logo-KSS.png","width":2239,"height":1528,"caption":"Konferenz S\u00e4chsischer Studierendenschaften"},"image":{"@id":"https:\/\/www.kss-sachsen.de\/#\/schema\/logo\/image\/"},"sameAs":["https:\/\/www.instagram.com\/kss_sachsen\/"]}]}},"_links":{"self":[{"href":"https:\/\/www.kss-sachsen.de\/index.php?rest_route=\/wp\/v2\/pages\/3496"}],"collection":[{"href":"https:\/\/www.kss-sachsen.de\/index.php?rest_route=\/wp\/v2\/pages"}],"about":[{"href":"https:\/\/www.kss-sachsen.de\/index.php?rest_route=\/wp\/v2\/types\/page"}],"author":[{"embeddable":true,"href":"https:\/\/www.kss-sachsen.de\/index.php?rest_route=\/wp\/v2\/users\/1"}],"replies":[{"embeddable":true,"href":"https:\/\/www.kss-sachsen.de\/index.php?rest_route=%2Fwp%2Fv2%2Fcomments&post=3496"}],"version-history":[{"count":27,"href":"https:\/\/www.kss-sachsen.de\/index.php?rest_route=\/wp\/v2\/pages\/3496\/revisions"}],"predecessor-version":[{"id":4147,"href":"https:\/\/www.kss-sachsen.de\/index.php?rest_route=\/wp\/v2\/pages\/3496\/revisions\/4147"}],"up":[{"embeddable":true,"href":"https:\/\/www.kss-sachsen.de\/index.php?rest_route=\/wp\/v2\/pages\/1966"}],"wp:attachment":[{"href":"https:\/\/www.kss-sachsen.de\/index.php?rest_route=%2Fwp%2Fv2%2Fmedia&parent=3496"}],"curies":[{"name":"wp","href":"https:\/\/api.w.org\/{rel}","templated":true}]}}