{"id":3915,"date":"2024-01-31T13:51:43","date_gmt":"2024-01-31T12:51:43","guid":{"rendered":"https:\/\/www.kss-sachsen.de\/?page_id=3915"},"modified":"2024-01-31T13:56:22","modified_gmt":"2024-01-31T12:56:22","slug":"antisemitismus-2","status":"publish","type":"page","link":"https:\/\/www.kss-sachsen.de\/antisemitismus","title":{"rendered":"Antisemitismus"},"content":{"rendered":"<p>Beim terroristischen \u00dcberfall am 07. Oktober 2023 ver\u00fcbte die Hamas Massaker an der Zivilbev\u00f6lkerung Israels. Es handelt sich bei den begangenen Morden um den gr\u00f6\u00dften Massenmord an J\u00fcdinnen*Juden seit dem Holocaust. Als Landesstudierendenvertretung haben uns diese Ereignisse in Fassungslosigkeit und Trauer versetzt.<\/p>\n<p>Die antisemitische und islamistische Ideologie der Hamas ist jedoch nicht nur im Nahen Osten zu sp\u00fcren, sondern auch hier in Deutschland mit der Relativierung und Verherrlichung des Terrors erkennbar. So wurden die Taten der Terrorist*innen in Deutschland mit israelfeindlichen Freudenfeiern bejubelt.<br \/>\nDamit halten Hass und Antisemitismus Einzug in die Gesellschaft und auch in die Hochschulen. Die KSS blickt besorgt auf diese Entwicklungen. Uns erreichen Berichte \u00fcber psychische oder physische Bedrohungen und Angriffe auf J\u00fcdinnen*Juden. Dagegen positioniert sich die KSS klar und zeigt Solidarit\u00e4t mit Israel und allen Betroffenen. J\u00fcdinnen*Juden m\u00fcssen angstfrei in Deutschland leben k\u00f6nnen.<\/p>\n<h3>Kein Platz f\u00fcr Antisemitismus an Hochschulen<\/h3>\n<p>Als Landesstudierendenvertretung fordert die KSS deshalb: Kein Platz f\u00fcr Antisemitismus an den Hochschulen! Dazu hat der Landessprecher*innenrat am 18.11.2023 folgenden Beschluss gefasst:<br \/>\nDie Konferenz S\u00e4chsischer Studierendenschaften positioniert sich klar gegen Antisemitismus an Hochschulen. Die KSS fordert die Hochschulen, Hochschulleitungen, Staatsregierung, Bundesregierung, den S\u00e4chsischen Landtag und alle demokratischen Parteien dazu auf, dass<\/p>\n<ul>\n<li>sich die Hochschulen in Sachsen klar gegen Antisemitismus und Terrorverherrlichung positionieren,<\/li>\n<li>Antisemitismus-Beauftragungen an den Hochschulen eingerichtet werden,<\/li>\n<li>Anlaufstellen gegen Antisemitismus und Beratungsangebote f\u00fcr Lehrende und Studierende verpflichtend eingerichtet werden,<\/li>\n<li>sofort Schulungsangebote f\u00fcr Lehrende und \u00fcbrige Mitarbeitende an den Hochschulen hinsichtlich Antisemitismus in allen Formen aufgebaut werden, verpflichtende Schulungen f\u00fcr Besch\u00e4ftigte in der Beratung,<\/li>\n<li>die Lehrenden einen Leitfaden zum Umgang mit antiisraelischem und antisemitischem Verhalten erhalten,<\/li>\n<li>die Hochschulen bei der Schaffung eines sicheren und freien Studiums f\u00fcr J\u00fcdinnen*Juden unterst\u00fctzt werden,<\/li>\n<li>die Hochschulen Bildungsangebote zu antisemitischen und antiisraelischen Verhalten und Narrativen schaffen, beispielsweise in Form von Ringvorlesungen oder fach\u00fcbergreifenden Wahlpflichtmodulen.<\/li>\n<\/ul>\n","protected":false},"excerpt":{"rendered":"<p>Beim terroristischen \u00dcberfall am 07. Oktober 2023 ver\u00fcbte die Hamas Massaker an der Zivilbev\u00f6lkerung Israels. Es handelt sich bei den begangenen Morden um den gr\u00f6\u00dften Massenmord an J\u00fcdinnen*Juden seit dem Holocaust. Als Landesstudierendenvertretung haben uns diese Ereignisse in Fassungslosigkeit und Trauer versetzt. Die antisemitische und islamistische Ideologie der Hamas ist jedoch nicht nur im Nahen Osten zu sp\u00fcren, sondern auch<a class=\"read-more\" href=\"https:\/\/www.kss-sachsen.de\/antisemitismus\">Hier weiter lesen&#8230;<\/a><\/p>\n","protected":false},"author":1,"featured_media":0,"parent":3709,"menu_order":0,"comment_status":"closed","ping_status":"closed","template":"","meta":{"footnotes":""},"yoast_head":"<!-- This site is optimized with the Yoast SEO plugin v23.5 - https:\/\/yoast.com\/wordpress\/plugins\/seo\/ -->\n<title>Antisemitismus - KSS<\/title>\n<meta name=\"robots\" content=\"index, follow, max-snippet:-1, max-image-preview:large, max-video-preview:-1\" \/>\n<link rel=\"canonical\" href=\"https:\/\/www.kss-sachsen.de\/antisemitismus\" \/>\n<meta property=\"og:locale\" content=\"de_DE\" \/>\n<meta property=\"og:type\" content=\"article\" \/>\n<meta property=\"og:title\" content=\"Antisemitismus - KSS\" \/>\n<meta property=\"og:description\" content=\"Beim terroristischen \u00dcberfall am 07. Oktober 2023 ver\u00fcbte die Hamas Massaker an der Zivilbev\u00f6lkerung Israels. Es handelt sich bei den begangenen Morden um den gr\u00f6\u00dften Massenmord an J\u00fcdinnen*Juden seit dem Holocaust. Als Landesstudierendenvertretung haben uns diese Ereignisse in Fassungslosigkeit und Trauer versetzt. Die antisemitische und islamistische Ideologie der Hamas ist jedoch nicht nur im Nahen Osten zu sp\u00fcren, sondern auchHier weiter lesen...\" \/>\n<meta property=\"og:url\" content=\"https:\/\/www.kss-sachsen.de\/antisemitismus\" \/>\n<meta property=\"og:site_name\" content=\"KSS\" \/>\n<meta property=\"article:modified_time\" content=\"2024-01-31T12:56:22+00:00\" \/>\n<meta name=\"twitter:card\" content=\"summary_large_image\" \/>\n<meta name=\"twitter:label1\" content=\"Gesch\u00e4tzte Lesezeit\" \/>\n\t<meta name=\"twitter:data1\" content=\"2\u00a0Minuten\" \/>\n<script type=\"application\/ld+json\" class=\"yoast-schema-graph\">{\"@context\":\"https:\/\/schema.org\",\"@graph\":[{\"@type\":\"WebPage\",\"@id\":\"https:\/\/www.kss-sachsen.de\/antisemitismus\",\"url\":\"https:\/\/www.kss-sachsen.de\/antisemitismus\",\"name\":\"Antisemitismus - KSS\",\"isPartOf\":{\"@id\":\"https:\/\/www.kss-sachsen.de\/#website\"},\"datePublished\":\"2024-01-31T12:51:43+00:00\",\"dateModified\":\"2024-01-31T12:56:22+00:00\",\"breadcrumb\":{\"@id\":\"https:\/\/www.kss-sachsen.de\/antisemitismus#breadcrumb\"},\"inLanguage\":\"de\",\"potentialAction\":[{\"@type\":\"ReadAction\",\"target\":[\"https:\/\/www.kss-sachsen.de\/antisemitismus\"]}]},{\"@type\":\"BreadcrumbList\",\"@id\":\"https:\/\/www.kss-sachsen.de\/antisemitismus#breadcrumb\",\"itemListElement\":[{\"@type\":\"ListItem\",\"position\":1,\"name\":\"Home\",\"item\":\"https:\/\/www.kss-sachsen.de\/\"},{\"@type\":\"ListItem\",\"position\":2,\"name\":\"Themen\",\"item\":\"https:\/\/www.kss-sachsen.de\/themen\"},{\"@type\":\"ListItem\",\"position\":3,\"name\":\"Antidiskriminierung\",\"item\":\"https:\/\/www.kss-sachsen.de\/antidiskriminierung\"},{\"@type\":\"ListItem\",\"position\":4,\"name\":\"Antisemitismus\"}]},{\"@type\":\"WebSite\",\"@id\":\"https:\/\/www.kss-sachsen.de\/#website\",\"url\":\"https:\/\/www.kss-sachsen.de\/\",\"name\":\"Konferenz S\u00e4chsischer Studierendenschaften\",\"description\":\"Konferenz S\u00e4chsischer Studierendenschaften\",\"publisher\":{\"@id\":\"https:\/\/www.kss-sachsen.de\/#organization\"},\"potentialAction\":[{\"@type\":\"SearchAction\",\"target\":{\"@type\":\"EntryPoint\",\"urlTemplate\":\"https:\/\/www.kss-sachsen.de\/?s={search_term_string}\"},\"query-input\":{\"@type\":\"PropertyValueSpecification\",\"valueRequired\":true,\"valueName\":\"search_term_string\"}}],\"inLanguage\":\"de\"},{\"@type\":\"Organization\",\"@id\":\"https:\/\/www.kss-sachsen.de\/#organization\",\"name\":\"Konferenz S\u00e4chsischer Studierendenschaften\",\"url\":\"https:\/\/www.kss-sachsen.de\/\",\"logo\":{\"@type\":\"ImageObject\",\"inLanguage\":\"de\",\"@id\":\"https:\/\/www.kss-sachsen.de\/#\/schema\/logo\/image\/\",\"url\":\"https:\/\/www.kss-sachsen.de\/wp-content\/uploads\/2023\/02\/Logo-KSS.png\",\"contentUrl\":\"https:\/\/www.kss-sachsen.de\/wp-content\/uploads\/2023\/02\/Logo-KSS.png\",\"width\":2239,\"height\":1528,\"caption\":\"Konferenz S\u00e4chsischer Studierendenschaften\"},\"image\":{\"@id\":\"https:\/\/www.kss-sachsen.de\/#\/schema\/logo\/image\/\"},\"sameAs\":[\"https:\/\/www.instagram.com\/kss_sachsen\/\"]}]}<\/script>\n<!-- \/ Yoast SEO plugin. -->","yoast_head_json":{"title":"Antisemitismus - KSS","robots":{"index":"index","follow":"follow","max-snippet":"max-snippet:-1","max-image-preview":"max-image-preview:large","max-video-preview":"max-video-preview:-1"},"canonical":"https:\/\/www.kss-sachsen.de\/antisemitismus","og_locale":"de_DE","og_type":"article","og_title":"Antisemitismus - KSS","og_description":"Beim terroristischen \u00dcberfall am 07. Oktober 2023 ver\u00fcbte die Hamas Massaker an der Zivilbev\u00f6lkerung Israels. Es handelt sich bei den begangenen Morden um den gr\u00f6\u00dften Massenmord an J\u00fcdinnen*Juden seit dem Holocaust. Als Landesstudierendenvertretung haben uns diese Ereignisse in Fassungslosigkeit und Trauer versetzt. Die antisemitische und islamistische Ideologie der Hamas ist jedoch nicht nur im Nahen Osten zu sp\u00fcren, sondern auchHier weiter lesen...","og_url":"https:\/\/www.kss-sachsen.de\/antisemitismus","og_site_name":"KSS","article_modified_time":"2024-01-31T12:56:22+00:00","twitter_card":"summary_large_image","twitter_misc":{"Gesch\u00e4tzte Lesezeit":"2\u00a0Minuten"},"schema":{"@context":"https:\/\/schema.org","@graph":[{"@type":"WebPage","@id":"https:\/\/www.kss-sachsen.de\/antisemitismus","url":"https:\/\/www.kss-sachsen.de\/antisemitismus","name":"Antisemitismus - KSS","isPartOf":{"@id":"https:\/\/www.kss-sachsen.de\/#website"},"datePublished":"2024-01-31T12:51:43+00:00","dateModified":"2024-01-31T12:56:22+00:00","breadcrumb":{"@id":"https:\/\/www.kss-sachsen.de\/antisemitismus#breadcrumb"},"inLanguage":"de","potentialAction":[{"@type":"ReadAction","target":["https:\/\/www.kss-sachsen.de\/antisemitismus"]}]},{"@type":"BreadcrumbList","@id":"https:\/\/www.kss-sachsen.de\/antisemitismus#breadcrumb","itemListElement":[{"@type":"ListItem","position":1,"name":"Home","item":"https:\/\/www.kss-sachsen.de\/"},{"@type":"ListItem","position":2,"name":"Themen","item":"https:\/\/www.kss-sachsen.de\/themen"},{"@type":"ListItem","position":3,"name":"Antidiskriminierung","item":"https:\/\/www.kss-sachsen.de\/antidiskriminierung"},{"@type":"ListItem","position":4,"name":"Antisemitismus"}]},{"@type":"WebSite","@id":"https:\/\/www.kss-sachsen.de\/#website","url":"https:\/\/www.kss-sachsen.de\/","name":"Konferenz S\u00e4chsischer Studierendenschaften","description":"Konferenz S\u00e4chsischer Studierendenschaften","publisher":{"@id":"https:\/\/www.kss-sachsen.de\/#organization"},"potentialAction":[{"@type":"SearchAction","target":{"@type":"EntryPoint","urlTemplate":"https:\/\/www.kss-sachsen.de\/?s={search_term_string}"},"query-input":{"@type":"PropertyValueSpecification","valueRequired":true,"valueName":"search_term_string"}}],"inLanguage":"de"},{"@type":"Organization","@id":"https:\/\/www.kss-sachsen.de\/#organization","name":"Konferenz S\u00e4chsischer Studierendenschaften","url":"https:\/\/www.kss-sachsen.de\/","logo":{"@type":"ImageObject","inLanguage":"de","@id":"https:\/\/www.kss-sachsen.de\/#\/schema\/logo\/image\/","url":"https:\/\/www.kss-sachsen.de\/wp-content\/uploads\/2023\/02\/Logo-KSS.png","contentUrl":"https:\/\/www.kss-sachsen.de\/wp-content\/uploads\/2023\/02\/Logo-KSS.png","width":2239,"height":1528,"caption":"Konferenz S\u00e4chsischer Studierendenschaften"},"image":{"@id":"https:\/\/www.kss-sachsen.de\/#\/schema\/logo\/image\/"},"sameAs":["https:\/\/www.instagram.com\/kss_sachsen\/"]}]}},"_links":{"self":[{"href":"https:\/\/www.kss-sachsen.de\/index.php?rest_route=\/wp\/v2\/pages\/3915"}],"collection":[{"href":"https:\/\/www.kss-sachsen.de\/index.php?rest_route=\/wp\/v2\/pages"}],"about":[{"href":"https:\/\/www.kss-sachsen.de\/index.php?rest_route=\/wp\/v2\/types\/page"}],"author":[{"embeddable":true,"href":"https:\/\/www.kss-sachsen.de\/index.php?rest_route=\/wp\/v2\/users\/1"}],"replies":[{"embeddable":true,"href":"https:\/\/www.kss-sachsen.de\/index.php?rest_route=%2Fwp%2Fv2%2Fcomments&post=3915"}],"version-history":[{"count":1,"href":"https:\/\/www.kss-sachsen.de\/index.php?rest_route=\/wp\/v2\/pages\/3915\/revisions"}],"predecessor-version":[{"id":3916,"href":"https:\/\/www.kss-sachsen.de\/index.php?rest_route=\/wp\/v2\/pages\/3915\/revisions\/3916"}],"up":[{"embeddable":true,"href":"https:\/\/www.kss-sachsen.de\/index.php?rest_route=\/wp\/v2\/pages\/3709"}],"wp:attachment":[{"href":"https:\/\/www.kss-sachsen.de\/index.php?rest_route=%2Fwp%2Fv2%2Fmedia&parent=3915"}],"curies":[{"name":"wp","href":"https:\/\/api.w.org\/{rel}","templated":true}]}}

<p>Beim terroristischen Überfall am 07. Oktober 2023 verübte die Hamas Massaker an der Zivilbevölkerung Israels. Es handelt sich bei den begangenen Morden um den größten Massenmord an Jüdinnen*Juden seit dem Holocaust. Als Landesstudierendenvertretung haben uns diese Ereignisse in Fassungslosigkeit und Trauer versetzt.</p>
<p>Die antisemitische und islamistische Ideologie der Hamas ist jedoch nicht nur im Nahen Osten zu spüren, sondern auch hier in Deutschland mit der Relativierung und Verherrlichung des Terrors erkennbar. So wurden die Taten der Terrorist*innen in Deutschland mit israelfeindlichen Freudenfeiern bejubelt.<br />
Damit halten Hass und Antisemitismus Einzug in die Gesellschaft und auch in die Hochschulen. Die KSS blickt besorgt auf diese Entwicklungen. Uns erreichen Berichte über psychische oder physische Bedrohungen und Angriffe auf Jüdinnen*Juden. Dagegen positioniert sich die KSS klar und zeigt Solidarität mit Israel und allen Betroffenen. Jüdinnen*Juden müssen angstfrei in Deutschland leben können.</p>
<h3>Kein Platz für Antisemitismus an Hochschulen</h3>
<p>Als Landesstudierendenvertretung fordert die KSS deshalb: Kein Platz für Antisemitismus an den Hochschulen! Dazu hat der Landessprecher*innenrat am 18.11.2023 folgenden Beschluss gefasst:<br />
Die Konferenz Sächsischer Studierendenschaften positioniert sich klar gegen Antisemitismus an Hochschulen. Die KSS fordert die Hochschulen, Hochschulleitungen, Staatsregierung, Bundesregierung, den Sächsischen Landtag und alle demokratischen Parteien dazu auf, dass</p>
<ul>
<li>sich die Hochschulen in Sachsen klar gegen Antisemitismus und Terrorverherrlichung positionieren,</li>
<li>Antisemitismus-Beauftragungen an den Hochschulen eingerichtet werden,</li>
<li>Anlaufstellen gegen Antisemitismus und Beratungsangebote für Lehrende und Studierende verpflichtend eingerichtet werden,</li>
<li>sofort Schulungsangebote für Lehrende und übrige Mitarbeitende an den Hochschulen hinsichtlich Antisemitismus in allen Formen aufgebaut werden, verpflichtende Schulungen für Beschäftigte in der Beratung,</li>
<li>die Lehrenden einen Leitfaden zum Umgang mit antiisraelischem und antisemitischem Verhalten erhalten,</li>
<li>die Hochschulen bei der Schaffung eines sicheren und freien Studiums für Jüdinnen*Juden unterstützt werden,</li>
<li>die Hochschulen Bildungsangebote zu antisemitischen und antiisraelischen Verhalten und Narrativen schaffen, beispielsweise in Form von Ringvorlesungen oder fachübergreifenden Wahlpflichtmodulen.</li>
</ul>

<p>Beim terroristischen Überfall am 07. Oktober 2023 verübte die Hamas Massaker an der Zivilbevölkerung Israels. Es handelt sich bei den begangenen Morden um den größten Massenmord an Jüdinnen*Juden seit dem Holocaust. Als Landesstudierendenvertretung haben uns diese Ereignisse in Fassungslosigkeit und Trauer versetzt. Die antisemitische und islamistische Ideologie der Hamas ist jedoch nicht nur im Nahen Osten zu spüren, sondern auch<a class="read-more" href="https://www.kss-sachsen.de/antisemitismus">Hier weiter lesen&#8230;</a></p>

<!-- This site is optimized with the Yoast SEO plugin v23.5 - https://yoast.com/wordpress/plugins/seo/ -->
<title>Antisemitismus - KSS</title>
<meta name="robots" content="index, follow, max-snippet:-1, max-image-preview:large, max-video-preview:-1" />
<link rel="canonical" href="https://www.kss-sachsen.de/antisemitismus" />
<meta property="og:locale" content="de_DE" />
<meta property="og:type" content="article" />
<meta property="og:title" content="Antisemitismus - KSS" />
<meta property="og:description" content="Beim terroristischen Überfall am 07. Oktober 2023 verübte die Hamas Massaker an der Zivilbevölkerung Israels. Es handelt sich bei den begangenen Morden um den größten Massenmord an Jüdinnen*Juden seit dem Holocaust. Als Landesstudierendenvertretung haben uns diese Ereignisse in Fassungslosigkeit und Trauer versetzt. Die antisemitische und islamistische Ideologie der Hamas ist jedoch nicht nur im Nahen Osten zu spüren, sondern auchHier weiter lesen..." />
<meta property="og:url" content="https://www.kss-sachsen.de/antisemitismus" />
<meta property="og:site_name" content="KSS" />
<meta property="article:modified_time" content="2024-01-31T12:56:22+00:00" />
<meta name="twitter:card" content="summary_large_image" />
<meta name="twitter:label1" content="Geschätzte Lesezeit" />
	<meta name="twitter:data1" content="2 Minuten" />
<script type="application/ld+json" class="yoast-schema-graph">{"@context":"https://schema.org","@graph":[{"@type":"WebPage","@id":"https://www.kss-sachsen.de/antisemitismus","url":"https://www.kss-sachsen.de/antisemitismus","name":"Antisemitismus - KSS","isPartOf":{"@id":"https://www.kss-sachsen.de/#website"},"datePublished":"2024-01-31T12:51:43+00:00","dateModified":"2024-01-31T12:56:22+00:00","breadcrumb":{"@id":"https://www.kss-sachsen.de/antisemitismus#breadcrumb"},"inLanguage":"de","potentialAction":[{"@type":"ReadAction","target":["https://www.kss-sachsen.de/antisemitismus"]}]},{"@type":"BreadcrumbList","@id":"https://www.kss-sachsen.de/antisemitismus#breadcrumb","itemListElement":[{"@type":"ListItem","position":1,"name":"Home","item":"https://www.kss-sachsen.de/"},{"@type":"ListItem","position":2,"name":"Themen","item":"https://www.kss-sachsen.de/themen"},{"@type":"ListItem","position":3,"name":"Antidiskriminierung","item":"https://www.kss-sachsen.de/antidiskriminierung"},{"@type":"ListItem","position":4,"name":"Antisemitismus"}]},{"@type":"WebSite","@id":"https://www.kss-sachsen.de/#website","url":"https://www.kss-sachsen.de/","name":"Konferenz Sächsischer Studierendenschaften","description":"Konferenz Sächsischer Studierendenschaften","publisher":{"@id":"https://www.kss-sachsen.de/#organization"},"potentialAction":[{"@type":"SearchAction","target":{"@type":"EntryPoint","urlTemplate":"https://www.kss-sachsen.de/?s={search_term_string}"},"query-input":{"@type":"PropertyValueSpecification","valueRequired":true,"valueName":"search_term_string"}}],"inLanguage":"de"},{"@type":"Organization","@id":"https://www.kss-sachsen.de/#organization","name":"Konferenz Sächsischer Studierendenschaften","url":"https://www.kss-sachsen.de/","logo":{"@type":"ImageObject","inLanguage":"de","@id":"https://www.kss-sachsen.de/#/schema/logo/image/","url":"https://www.kss-sachsen.de/wp-content/uploads/2023/02/Logo-KSS.png","contentUrl":"https://www.kss-sachsen.de/wp-content/uploads/2023/02/Logo-KSS.png","width":2239,"height":1528,"caption":"Konferenz Sächsischer Studierendenschaften"},"image":{"@id":"https://www.kss-sachsen.de/#/schema/logo/image/"},"sameAs":["https://www.instagram.com/kss_sachsen/"]}]}</script>
<!-- / Yoast SEO plugin. -->

Beim terroristischen Überfall am 07. Oktober 2023 verübte die Hamas Massaker an der Zivilbevölkerung Israels. Es handelt sich bei den begangenen Morden um den größten Massenmord an Jüdinnen*Juden seit dem Holocaust. Als Landesstudierendenvertretung haben uns diese Ereignisse in Fassungslosigkeit und Trauer versetzt. Die antisemitische und islamistische Ideologie der Hamas ist jedoch nicht nur im Nahen Osten zu spüren, sondern auchHier weiter lesen...

Konferenz Sächsischer Studierendenschaften
