{"id":4043,"date":"2024-05-16T02:06:15","date_gmt":"2024-05-16T00:06:15","guid":{"rendered":"https:\/\/www.kss-sachsen.de\/?page_id=4043"},"modified":"2025-12-11T11:11:58","modified_gmt":"2025-12-11T10:11:58","slug":"vorstand","status":"publish","type":"page","link":"https:\/\/www.kss-sachsen.de\/?page_id=4043","title":{"rendered":"Struktur und Ordnungen"},"content":{"rendered":"\n<h2 class=\"wp-block-heading\">Organe des Vereins<\/h2>\n\n\n\n<p>Die&nbsp;<strong>Mitgliederversammlung (MV)<\/strong>&nbsp;ist das h\u00f6chste beschlussfassende Organ des Vereins. Die MV w\u00e4hlt den Vorstand, entscheidet \u00fcber finanzielle Angelegenheiten (wie Kassenpr\u00fcfungen oder Haushaltspl\u00e4ne) oder beschlie\u00dft die Ordnungen des Vereins.<\/p>\n\n\n\n<p>Der&nbsp;<strong>Vorstand&nbsp;<\/strong>besteht aus zwei Vorsitzenden (Vorsitz und Stellvertretung) sowie einer*m Schatzmeister*in. Sie \u00fcbernehmen die Vertretung des Vereins, f\u00fchren die laufenden Gesch\u00e4fte und setzen die Beschl\u00fcsse der MV um.<\/p>\n\n\n\n<h2 class=\"wp-block-heading\">Satzung und Ordnungen des Vereins<\/h2>\n\n\n\n<p>Der Vereins zur Unterst\u00fctzung der Konferenz S\u00e4chsischer Studierendenschaften arbeitet auf Grundlage seiner Satzung. Dar\u00fcber hinaus wurde Finanzordnung, eine Beitragsordnung sowie eine Gesch\u00e4ftsordnung von der 01. Mitgliederversammlung beschlossen. Die Finanzordnung regelt die Verwaltung und Bewirtschaftung der Mittel des Vereins. Die Beitragsordnung trifft Regelungen \u00fcber die Mitgliedsbeitr\u00e4ge, die der VUKSS von seinen Mitgliedern einzieht. Die Gesch\u00e4ftsordnung dient der Strukturierung der Arbeit und Sitzungen der Mitgliederversammlung und des Vorstands des VUKSS.<\/p>\n\n\n\n<ul>\n<li><a href=\"https:\/\/cloud.portal.fzs.de\/s\/pdHrBjrtN7qRAEo\">Satzung<\/a><\/li>\n\n\n\n<li><a href=\"https:\/\/cloud.portal.fzs.de\/s\/BR62AjRGD9LXDz4\">Gesch\u00e4ftsordnung<\/a><\/li>\n\n\n\n<li><a href=\"https:\/\/cloud.portal.fzs.de\/s\/B69YCcscrotDwF6\">Finanzordnung<\/a><\/li>\n\n\n\n<li><a href=\"https:\/\/cloud.portal.fzs.de\/s\/of5wxb9gqPPTjmK\">Beitragsordnung<\/a><\/li>\n<\/ul>\n","protected":false},"excerpt":{"rendered":"<p>Organe des Vereins Die&nbsp;Mitgliederversammlung (MV)&nbsp;ist das h\u00f6chste beschlussfassende Organ des Vereins. Die MV w\u00e4hlt den Vorstand, entscheidet \u00fcber finanzielle Angelegenheiten (wie Kassenpr\u00fcfungen oder Haushaltspl\u00e4ne) oder beschlie\u00dft die Ordnungen des Vereins. Der&nbsp;Vorstand&nbsp;besteht aus zwei Vorsitzenden (Vorsitz und Stellvertretung) sowie einer*m Schatzmeister*in. Sie \u00fcbernehmen die Vertretung des Vereins, f\u00fchren die laufenden Gesch\u00e4fte und setzen die Beschl\u00fcsse der MV um. Satzung und Ordnungen<a class=\"read-more\" href=\"https:\/\/www.kss-sachsen.de\/?page_id=4043\">Hier weiter lesen&#8230;<\/a><\/p>\n","protected":false},"author":1,"featured_media":0,"parent":3983,"menu_order":2,"comment_status":"closed","ping_status":"closed","template":"","meta":{"footnotes":""},"yoast_head":"<!-- This site is optimized with the Yoast SEO plugin v23.5 - https:\/\/yoast.com\/wordpress\/plugins\/seo\/ -->\n<title>Struktur und Ordnungen - KSS<\/title>\n<meta name=\"robots\" content=\"index, follow, max-snippet:-1, max-image-preview:large, max-video-preview:-1\" \/>\n<link rel=\"canonical\" href=\"https:\/\/www.kss-sachsen.de\/?page_id=4043\" \/>\n<meta property=\"og:locale\" content=\"de_DE\" \/>\n<meta property=\"og:type\" content=\"article\" \/>\n<meta property=\"og:title\" content=\"Struktur und Ordnungen - KSS\" \/>\n<meta property=\"og:description\" content=\"Organe des Vereins Die&nbsp;Mitgliederversammlung (MV)&nbsp;ist das h\u00f6chste beschlussfassende Organ des Vereins. Die MV w\u00e4hlt den Vorstand, entscheidet \u00fcber finanzielle Angelegenheiten (wie Kassenpr\u00fcfungen oder Haushaltspl\u00e4ne) oder beschlie\u00dft die Ordnungen des Vereins. Der&nbsp;Vorstand&nbsp;besteht aus zwei Vorsitzenden (Vorsitz und Stellvertretung) sowie einer*m Schatzmeister*in. Sie \u00fcbernehmen die Vertretung des Vereins, f\u00fchren die laufenden Gesch\u00e4fte und setzen die Beschl\u00fcsse der MV um. Satzung und OrdnungenHier weiter lesen...\" \/>\n<meta property=\"og:url\" content=\"https:\/\/www.kss-sachsen.de\/?page_id=4043\" \/>\n<meta property=\"og:site_name\" content=\"KSS\" \/>\n<meta property=\"article:modified_time\" content=\"2025-12-11T10:11:58+00:00\" \/>\n<meta name=\"twitter:card\" content=\"summary_large_image\" \/>\n<meta name=\"twitter:label1\" content=\"Gesch\u00e4tzte Lesezeit\" \/>\n\t<meta name=\"twitter:data1\" content=\"1\u00a0Minute\" \/>\n<script type=\"application\/ld+json\" class=\"yoast-schema-graph\">{\"@context\":\"https:\/\/schema.org\",\"@graph\":[{\"@type\":\"WebPage\",\"@id\":\"https:\/\/www.kss-sachsen.de\/?page_id=4043\",\"url\":\"https:\/\/www.kss-sachsen.de\/?page_id=4043\",\"name\":\"Struktur und Ordnungen - KSS\",\"isPartOf\":{\"@id\":\"https:\/\/www.kss-sachsen.de\/#website\"},\"datePublished\":\"2024-05-16T00:06:15+00:00\",\"dateModified\":\"2025-12-11T10:11:58+00:00\",\"breadcrumb\":{\"@id\":\"https:\/\/www.kss-sachsen.de\/?page_id=4043#breadcrumb\"},\"inLanguage\":\"de\",\"potentialAction\":[{\"@type\":\"ReadAction\",\"target\":[\"https:\/\/www.kss-sachsen.de\/?page_id=4043\"]}]},{\"@type\":\"BreadcrumbList\",\"@id\":\"https:\/\/www.kss-sachsen.de\/?page_id=4043#breadcrumb\",\"itemListElement\":[{\"@type\":\"ListItem\",\"position\":1,\"name\":\"Home\",\"item\":\"https:\/\/www.kss-sachsen.de\/\"},{\"@type\":\"ListItem\",\"position\":2,\"name\":\"Verein\",\"item\":\"https:\/\/www.kss-sachsen.de\/?page_id=3983\"},{\"@type\":\"ListItem\",\"position\":3,\"name\":\"Struktur und Ordnungen\"}]},{\"@type\":\"WebSite\",\"@id\":\"https:\/\/www.kss-sachsen.de\/#website\",\"url\":\"https:\/\/www.kss-sachsen.de\/\",\"name\":\"Konferenz S\u00e4chsischer Studierendenschaften\",\"description\":\"Konferenz S\u00e4chsischer Studierendenschaften\",\"publisher\":{\"@id\":\"https:\/\/www.kss-sachsen.de\/#organization\"},\"potentialAction\":[{\"@type\":\"SearchAction\",\"target\":{\"@type\":\"EntryPoint\",\"urlTemplate\":\"https:\/\/www.kss-sachsen.de\/?s={search_term_string}\"},\"query-input\":{\"@type\":\"PropertyValueSpecification\",\"valueRequired\":true,\"valueName\":\"search_term_string\"}}],\"inLanguage\":\"de\"},{\"@type\":\"Organization\",\"@id\":\"https:\/\/www.kss-sachsen.de\/#organization\",\"name\":\"Konferenz S\u00e4chsischer Studierendenschaften\",\"url\":\"https:\/\/www.kss-sachsen.de\/\",\"logo\":{\"@type\":\"ImageObject\",\"inLanguage\":\"de\",\"@id\":\"https:\/\/www.kss-sachsen.de\/#\/schema\/logo\/image\/\",\"url\":\"https:\/\/www.kss-sachsen.de\/wp-content\/uploads\/2023\/02\/Logo-KSS.png\",\"contentUrl\":\"https:\/\/www.kss-sachsen.de\/wp-content\/uploads\/2023\/02\/Logo-KSS.png\",\"width\":2239,\"height\":1528,\"caption\":\"Konferenz S\u00e4chsischer Studierendenschaften\"},\"image\":{\"@id\":\"https:\/\/www.kss-sachsen.de\/#\/schema\/logo\/image\/\"},\"sameAs\":[\"https:\/\/www.instagram.com\/kss_sachsen\/\"]}]}<\/script>\n<!-- \/ Yoast SEO plugin. -->","yoast_head_json":{"title":"Struktur und Ordnungen - KSS","robots":{"index":"index","follow":"follow","max-snippet":"max-snippet:-1","max-image-preview":"max-image-preview:large","max-video-preview":"max-video-preview:-1"},"canonical":"https:\/\/www.kss-sachsen.de\/?page_id=4043","og_locale":"de_DE","og_type":"article","og_title":"Struktur und Ordnungen - KSS","og_description":"Organe des Vereins Die&nbsp;Mitgliederversammlung (MV)&nbsp;ist das h\u00f6chste beschlussfassende Organ des Vereins. Die MV w\u00e4hlt den Vorstand, entscheidet \u00fcber finanzielle Angelegenheiten (wie Kassenpr\u00fcfungen oder Haushaltspl\u00e4ne) oder beschlie\u00dft die Ordnungen des Vereins. Der&nbsp;Vorstand&nbsp;besteht aus zwei Vorsitzenden (Vorsitz und Stellvertretung) sowie einer*m Schatzmeister*in. Sie \u00fcbernehmen die Vertretung des Vereins, f\u00fchren die laufenden Gesch\u00e4fte und setzen die Beschl\u00fcsse der MV um. Satzung und OrdnungenHier weiter lesen...","og_url":"https:\/\/www.kss-sachsen.de\/?page_id=4043","og_site_name":"KSS","article_modified_time":"2025-12-11T10:11:58+00:00","twitter_card":"summary_large_image","twitter_misc":{"Gesch\u00e4tzte Lesezeit":"1\u00a0Minute"},"schema":{"@context":"https:\/\/schema.org","@graph":[{"@type":"WebPage","@id":"https:\/\/www.kss-sachsen.de\/?page_id=4043","url":"https:\/\/www.kss-sachsen.de\/?page_id=4043","name":"Struktur und Ordnungen - KSS","isPartOf":{"@id":"https:\/\/www.kss-sachsen.de\/#website"},"datePublished":"2024-05-16T00:06:15+00:00","dateModified":"2025-12-11T10:11:58+00:00","breadcrumb":{"@id":"https:\/\/www.kss-sachsen.de\/?page_id=4043#breadcrumb"},"inLanguage":"de","potentialAction":[{"@type":"ReadAction","target":["https:\/\/www.kss-sachsen.de\/?page_id=4043"]}]},{"@type":"BreadcrumbList","@id":"https:\/\/www.kss-sachsen.de\/?page_id=4043#breadcrumb","itemListElement":[{"@type":"ListItem","position":1,"name":"Home","item":"https:\/\/www.kss-sachsen.de\/"},{"@type":"ListItem","position":2,"name":"Verein","item":"https:\/\/www.kss-sachsen.de\/?page_id=3983"},{"@type":"ListItem","position":3,"name":"Struktur und Ordnungen"}]},{"@type":"WebSite","@id":"https:\/\/www.kss-sachsen.de\/#website","url":"https:\/\/www.kss-sachsen.de\/","name":"Konferenz S\u00e4chsischer Studierendenschaften","description":"Konferenz S\u00e4chsischer Studierendenschaften","publisher":{"@id":"https:\/\/www.kss-sachsen.de\/#organization"},"potentialAction":[{"@type":"SearchAction","target":{"@type":"EntryPoint","urlTemplate":"https:\/\/www.kss-sachsen.de\/?s={search_term_string}"},"query-input":{"@type":"PropertyValueSpecification","valueRequired":true,"valueName":"search_term_string"}}],"inLanguage":"de"},{"@type":"Organization","@id":"https:\/\/www.kss-sachsen.de\/#organization","name":"Konferenz S\u00e4chsischer Studierendenschaften","url":"https:\/\/www.kss-sachsen.de\/","logo":{"@type":"ImageObject","inLanguage":"de","@id":"https:\/\/www.kss-sachsen.de\/#\/schema\/logo\/image\/","url":"https:\/\/www.kss-sachsen.de\/wp-content\/uploads\/2023\/02\/Logo-KSS.png","contentUrl":"https:\/\/www.kss-sachsen.de\/wp-content\/uploads\/2023\/02\/Logo-KSS.png","width":2239,"height":1528,"caption":"Konferenz S\u00e4chsischer Studierendenschaften"},"image":{"@id":"https:\/\/www.kss-sachsen.de\/#\/schema\/logo\/image\/"},"sameAs":["https:\/\/www.instagram.com\/kss_sachsen\/"]}]}},"_links":{"self":[{"href":"https:\/\/www.kss-sachsen.de\/index.php?rest_route=\/wp\/v2\/pages\/4043"}],"collection":[{"href":"https:\/\/www.kss-sachsen.de\/index.php?rest_route=\/wp\/v2\/pages"}],"about":[{"href":"https:\/\/www.kss-sachsen.de\/index.php?rest_route=\/wp\/v2\/types\/page"}],"author":[{"embeddable":true,"href":"https:\/\/www.kss-sachsen.de\/index.php?rest_route=\/wp\/v2\/users\/1"}],"replies":[{"embeddable":true,"href":"https:\/\/www.kss-sachsen.de\/index.php?rest_route=%2Fwp%2Fv2%2Fcomments&post=4043"}],"version-history":[{"count":3,"href":"https:\/\/www.kss-sachsen.de\/index.php?rest_route=\/wp\/v2\/pages\/4043\/revisions"}],"predecessor-version":[{"id":4433,"href":"https:\/\/www.kss-sachsen.de\/index.php?rest_route=\/wp\/v2\/pages\/4043\/revisions\/4433"}],"up":[{"embeddable":true,"href":"https:\/\/www.kss-sachsen.de\/index.php?rest_route=\/wp\/v2\/pages\/3983"}],"wp:attachment":[{"href":"https:\/\/www.kss-sachsen.de\/index.php?rest_route=%2Fwp%2Fv2%2Fmedia&parent=4043"}],"curies":[{"name":"wp","href":"https:\/\/api.w.org\/{rel}","templated":true}]}}